637?
4
What is the hundred thousands digit of 51271613?
2
What is the billions digit of 1667914056?
1
What is the hundred thousands digit of 45743854?
7
What is the millions digit of 5425842222?
5
What is the hundreds digit of 23850439?
4
What is the tens digit of 95697939?
3
What is the hundreds digit of 22206362?
3
What is the hundred millions digit of 206088421?
2
What is the thousands digit of 1303994?
3
What is the hundreds digit of 226208114?
1
What is the hundred thousands digit of 60307195?
3
What is the millions digit of 1071317677?
1
What is the hundreds digit of 479538083?
0
What is the hundred millions digit of 521018000?
5
What is the millions digit of 36290027?
6
What is the millions digit of 20316003?
0
What is the units digit of 48324265?
5
What is the ten thousands digit of 615875748?
7
What is the thousands digit of 331844917?
4
What is the ten thousands digit of 91586154?
8
What is the hundreds digit of 41636969?
9
What is the hundred millions digit of 2902168225?
9
What is the tens digit of 3049279127?
2
What is the millions digit of 377297875?
7
What is the ten millions digit of 602867685?
0
What is the millions digit of 259583394?
9
What is the billions digit of 1018822364?
1
What is the millions digit of 531748180?
1
What is the thousands digit of 1399481418?
1
What is the millions digit of 14263301?
4
What is the tens digit of 158466177?
7
What is the units digit of 17785366?
6
What is the hundreds digit of 301759899?
8
What is the hundred thousands digit of 58749190?
7
What is the hundred millions digit of 6312629489?
3
What is the millions digit of 54541622?
4
What is the tens digit of 480860437?
3
What is the ten thousands digit of 725462569?
6
What is the hundred thousands digit of 48015152?
0
What is the tens digit of 95710613?
1
What is the hundreds digit of 1131806785?
7
What is the units digit of 982914300?
0
What is the tens digit of 233408890?
9
What is the ten thousands digit of 30125408?
2
What is the units digit of 62608768?
8
What is the ten millions digit of 72702207?
7
What is the billions digit of 2514815064?
2
What is the millions digit of 218380719?
8
What is the units digit of 454602813?
3
What is the hundreds digit of 156440921?
9
What is the thousands digit of 275428676?
8
What is the units digit of 282348491?
1
What is the ten thousands digit of 113907267?
0
What is the thousands digit of 93590186?
0
What is the millions digit of 396336777?
6
What is the millions digit of 147373841?
7
What is the tens digit of 99624270?
7
What is the ten thousands digit of 1288940608?
4
What is the units digit of 3935756?
6
What is the ten millions digit of 789740883?
8
What is the tens digit of 352942158?
5
What is the ten thousands digit of 1160214?
6
What is the hundreds digit of 2379964140?
1
What is the hundred thousands digit of 577418229?
4
What is the hundred thousands digit of 1997548867?
5
What is the units digit of 582440559?
9
What is the ten thousands digit of 51586399?
8
What is the tens digit of 880162000?
0
What is the hundreds digit of 18008870?
8
What is the tens digit of 862650914?
1
What is the thousands digit of 3120475472?
5
What is the thousands digit of 3703741265?
1
What is the millions digit of 259902852?
9
What is the hundred thousands digit of 3258194373?
1
What is the thousands digit of 59669506?
9
What is the tens digit of 243509436?
3
What is the hundreds digit of 6776642?
6
What is the tens digit of 728742007?
0
What is the hundred thousands digit of 4272830?
2
What is the units digit of 2362428899?
9
What is the hundred thousands digit of 3590357191?
3
What is the millions digit of 265654821?
5
What is the hundreds digit of 1178179422?
4
What is the millions digit of 15112363?
5
What is the millions digit of 9549902?
9
What is the thousands digit of 187014229?
4
What is the units digit of 3884509067?
7
What is the ten thousands digit of 2919996723?
9
What is the tens digit of 2924394286?
8
What is the thousands digit of 54053250?
3
What is the hundred millions digit of 639971954?
6
What is the hundreds digit of 80965312?
3
What is the hundred thousands digit of 1254123615?
1
What is the hundreds digit of 204334456?
4
What is the units digit of 1925978645?
5
What is the tens digit of 910563744?
4
What is the ten millions digit of 451630309?
5
What is the thousands digit of 3212782645?
2
What is the ten millions digit of 125875708?
2
What is the millions digit of 776662951?
6
What is the units digit of 331586168?
8
What is the ten thousands digit of 473702313?
0
What is the hundred thousands digit of 1067235820?
2
What is the millions digit of 5081119815?
1
What is the millions digit of 23163399?
3
What is the hundred millions digit of 1733938082?
7
What is the ten thousands digit of 3797583140?
8
What is the ten thousands digit of 371395126?
9
What is the tens digit of 87800645?
4
What is the ten millions digit of 1470408542?
7
What is the ten millions digit of 2523760450?
2
What is the units digit of 448448458?
8
What is the thousands digit of 90497145?
7
What is the thousands digit of 3502668694?
8
What is the tens digit of 308678484?
8
What is the thousands digit of 727708832?
8
What is the ten millions digit of 2701118653?
0
What is the ten millions digit of 1095719865?
9
What is the ten millions digit of 198910214?
9
What is the billions digit of 1173189834?
1
What is the hundred millions digit of 322717161?
3
What is the hundred thousands digit of 36731211?
7
What is the hundred thousands digit of 1087646748?
6
What is the millions digit of 80466199?
0
What is the ten thousands digit of 48851722?
5
What is the ten millions digit of 49201959?
4
What is the tens digit of 307349370?
7
What is the millions digit of 38375232?
8
What is the units digit of 371103485?
5
What is the tens digit of 39847145?
4
What is the ten thousands digit of 401981669?
8
What is the ten millions digit of 1208982570?
0
What is the thousands digit of 702171415?
1
What is the ten millions digit of 317427067?
1
What is the hundred thousands digit of 8185840428?
8
What is the millions digit of 54039857?
4
What is the hundreds digit of 56222220?
2
What is the hundred thousands digit of 734469873?
4
What is the thousands digit of 23532153?
2
What is the millions digit of 1542265402?
2
What is the hundred millions digit of 166075407?
1
What is the billions digit of 2289256503?
2
What is the millions digit of 53857911?
3
What is the units digit of 128396290?
0
What is the hundred thousands digit of 580210703?
2
What is the hundred thousands digit of 4538312682?
3
What is the units digit of 4290081902?
2
What is the hundred thousands digit of 742719814?
7
What is the ten millions digit of 546420478?
4
What is the hundreds digit of 130839687?
6
What is the ten thousands digit of 464755226?
5
What is the hundred thousands digit of 6145308426?
3
What is the ten millions digit of 40558103?
4
What is the hundred millions digit of 534339482?
5
What is the hundreds digit of 1705248114?
1
What is the units digit of 153391647?
7
What is the ten thousands digit of 293913601?
1
What is the billions digit of 1088546125?
1
What is the units digit of 83904920?
0
What is the millions digit of 49261489?
9
What is the tens digit of 524336167?
6
What is the hundred millions digit of 147768850?
1
What is the hundreds digit of 8852619?
6
What is the hundreds digit of 77812215?
2
What is the hundreds digit of 97901705?
7
What is the hundred thousands digit of 717557111?
5
What is the tens digit of 55397519?
1
What is the ten thousands digit of 32329984?
2
What is the hundred millions digit of 1537315283?
5
What is the tens digit of 16463577?
7
What is the thousands digit of 20933957?
3
What is the tens digit of 50881952?
5
What is the millions digit of 1368137162?
8
What is the ten thousands digit of 1941658618?
5
What is the ten thousands digit of 4169883927?
8
What is the ten thousands digit of 910477047?
7
What is the thousands digit of 3317099312?
9
What is the units digit of 46773759?
9
What is the hundred thousands digit of 31292822?
2
What is the hundred millions digit of 1073694193?
0
What is the millions digit of 435961926?
5
What is the hundreds digit of 884343753?
7
What is the hundred thousands digit of 182019935?
